 is the remainder when 656 is divided by 380?
276
Calculate the remainder when 614 is divided by 123.
122
Calculate the remainder when 1200 is divided by 52.
4
What is the remainder when 422 is divided by 53?
51
What is the remainder when 824 is divided by 51?
8
Calculate the remainder when 228 is divided by 6.
0
Calculate the remainder when 143 is divided by 83.
60
Calculate the remainder when 377 is divided by 24.
17
Calculate the remainder when 55 is divided by 20.
15
Calculate the remainder when 96 is divided by 14.
12
What is the remainder when 266 is divided by 54?
50
What is the remainder when 16521 is divided by 6?
3
Calculate the remainder when 107 is divided by 54.
53
Calculate the remainder when 344 is divided by 163.
18
What is the remainder when 601 is divided by 291?
19
Calculate the remainder when 2367 is divided by 1183.
1
What is the remainder when 884 is divided by 12?
8
What is the remainder when 191 is divided by 101?
90
Calculate the remainder when 16134 is divided by 9.
6
Calculate the remainder when 416 is divided by 101.
12
What is the remainder when 419 is divided by 15?
14
Calculate the remainder when 28488 is divided by 14.
12
Calculate the remainder when 92 is divided by 18.
2
What is the remainder when 483 is divided by 191?
101
What is the remainder when 66 is divided by 2?
0
Calculate the remainder when 12712 is divided by 78.
76
What is the remainder when 5875 is divided by 26?
25
What is the remainder when 78 is divided by 20?
18
What is the remainder when 1331 is divided by 84?
71
What is the remainder when 2783 is divided by 17?
12
What is the remainder when 126 is divided by 13?
9
What is the remainder when 716 is divided by 144?
140
What is the remainder when 38 is divided by 17?
4
Calculate the remainder when 222 is divided by 52.
14
Calculate the remainder when 1036 is divided by 131.
119
Calculate the remainder when 56 is divided by 1.
0
Calculate the remainder when 1110 is divided by 344.
78
What is the remainder when 126 is divided by 45?
36
What is the remainder when 160 is divided by 33?
28
Calculate the remainder when 57 is divided by 17.
6
What is the remainder when 8718 is divided by 40?
38
Calculate the remainder when 106 is divided by 23.
14
Calculate the remainder when 41 is divided by 28.
13
What is the remainder when 1944 is divided by 130?
124
What is the remainder when 137 is divided by 20?
17
Calculate the remainder when 558 is divided by 40.
38
What is the remainder when 106 is divided by 51?
4
Calculate the remainder when 1778 is divided by 592.
2
Calculate the remainder when 86 is divided by 24.
14
Calculate the remainder when 1254 is divided by 212.
194
Calculate the remainder when 206 is divided by 53.
47
What is the remainder when 595 is divided by 65?
10
What is the remainder when 1443 is divided by 46?
17
What is the remainder when 2071 is divided by 47?
3
Calculate the remainder when 908 is divided by 83.
78
Calculate the remainder when 345 is divided by 177.
168
Calculate the remainder when 1311 is divided by 109.
3
Calculate the remainder when 145 is divided by 9.
1
What is the remainder when 2645 is divided by 21?
20
What is the remainder when 2851 is divided by 62?
61
Calculate the remainder when 740 is divided by 24.
20
Calculate the remainder when 43 is divided by 25.
18
Calculate the remainder when 338 is divided by 49.
44
Calculate the remainder when 55 is divided by 15.
10
What is the remainder when 616 is divided by 164?
124
What is the remainder when 160 is divided by 153?
7
Calculate the remainder when 2438 is divided by 37.
33
Calculate the remainder when 358 is divided by 73.
66
Calculate the remainder when 60 is divided by 33.
27
What is the remainder when 821 is divided by 43?
4
What is the remainder when 47 is divided by 28?
19
What is the remainder when 364 is divided by 9?
4
What is the remainder when 485 is divided by 207?
71
Calculate the remainder when 899 is divided by 4.
3
What is the remainder when 2099 is divided by 694?
17
Calculate the remainder when 306 is divided by 51.
0
Calculate the remainder when 504 is divided by 39.
36
What is the remainder when 359 is divided by 18?
17
What is the remainder when 21 is divided by 6?
3
Calculate the remainder when 335 is divided by 6.
5
What is the remainder when 1074 is divided by 442?
190
What is the remainder when 4242 is divided by 37?
24
Calculate the remainder when 239 is divided by 27.
23
Calculate the remainder when 386 is divided by 48.
2
What is the remainder when 431 is divided by 62?
59
Calculate the remainder when 572 is divided by 143.
0
Calculate the remainder when 1615 is divided by 124.
3
What is the remainder when 2594 is divided by 7?
4
Calculate the remainder when 41 is divided by 37.
4
Calculate the remainder when 395 is divided by 19.
15
Calculate the remainder when 37 is divided by 32.
5
Calculate the remainder when 2045 is divided by 22.
21
What is the remainder when 2793 is divided by 80?
73
What is the remainder when 1185 is divided by 19?
7
Calculate the remainder when 1329 is divided by 46.
41
Calculate the remainder when 209 is divided by 10.
9
Calculate the remainder when 334 is divided by 32.
14
What is the remainder when 10 is divided by 3?
1
Calculate the remainder when 1222 is divided by 72.
70
What is the remainder when 4629 is divided by 25?
4
Calculate the remainder when 209 is divided by 7.
6
Calculate the remainder when 3580 is divided by 128.
124
Calculate the remainder when 1273 is divided by 316.
9
What is the remainder when 375 is divided by 76?
71
Calculate the remainder when 184 is divided by 96.
88
What is the remainder when 859 is divided by 61?
5
What is the remainder when 561 is divided by 12?
9
Calculate the remainder when 622 is divided by 195.
37
Calculate the remainder when 291 is divided by 14.
11
What is the remainder when 143 is divided by 26?
13
What is the remainder when 130 is divided by 45?
40
What is the remainder when 431 is divided by 202?
27
What is the remainder when 763 is divided by 160?
123
Calculate the remainder when 566 is divided by 552.
14
Calculate the remainder when 6371 is divided by 59.
58
What is the remainder when 944 is divided by 27?
26
What is the remainder when 37 is divided by 17?
3
Calculate the remainder when 39 is divided by 27.
12
What is the remainder when 299 is divided by 13?
0
Calculate the remainder when 80 is divided by 24.
8
Calculate the remainder when 215 is divided by 131.
84
Calculate the remainder when 54 is divided by 13.
2
Calculate the remainder when 30 is divided by 14.
2
What is the remainder when 1023 is divided by 102?
3
What is the remainder when 189 is divided by 8?
5
Calculate the remainder when 1880 is divided by 9.
8
Calculate the remainder when 144 is divided by 25.
19
Calculate the remainder when 732 is divided by 21.
18
Calculate the remainder when 29 is divided by 18.
11
Calculate the remainder when 41 is divided by 39.
2
What is the remainder when 124 is divided by 66?
58
Calculate the remainder when 489 is divided by 99.
93
What is the remainder when 821 is divided by 82?
1
Calculate the remainder when 3972 is divided by 305.
7
Calculate the remainder when 1632 is divided by 15.
12
What is the remainder when 400 is divided by 126?
22
Calculate the remainder when 408 is divided by 102.
0
Calculate the remainder when 1283 is divided by 161.
156
Calculate the remainder when 206 is divided by 23.
22
Calculate the remainder when 80 is divided by 41.
39
What is the remainder when 224 is divided by 76?
72
What is the remainder when 219 is divided by 82?
55
Calculate the remainder when 2579 is divided by 60.
59
Calculate the remainder when 356 is divided by 320.
36
What is the remainder when 124 is divided by 26?
20
What is the remainder when 2052 is divided by 103?
95
Calculate the remainder when 434 is divided by 40.
34
What is the remainder when 75 is divided by 38?
37
What is the remainder when 1241 is divided by 9?
8
What is the remainder when 159 is divided by 40?
39
Calculate the remainder when 60 is divided by 22.
16
What is the remainder when 5 is divided by 5?
0
Calculate the remainder when 773 is divided by 256.
5
Calculate the remainder when 4850 is divided by 41.
12
Calculate the remaind